53 composite?
False
Is 107741 a composite number?
False
Is 741337 composite?
False
Is 44683 a prime number?
True
Is 7669 a composite number?
False
Is 13682 prime?
False
Is 84029 prime?
False
Is 4858559 prime?
True
Is 118705 composite?
True
Is 10055 a prime number?
False
Is 289889 composite?
False
Is 5173 a composite number?
True
Is 11401 prime?
False
Is 200986 composite?
True
Is 226843 composite?
False
Is 2183 a prime number?
False
Is 468821 composite?
False
Is 7745 prime?
False
Is 4967 a composite number?
False
Is 2327746 prime?
False
Is 14281 a composite number?
False
Is 57 a composite number?
True
Is 28949 composite?
False
Is 631 prime?
True
Is 201881 a prime number?
True
Is 499853 a prime number?
True
Is 894689 a prime number?
True
Is 194977 a composite number?
False
Is 1657 prime?
True
Is 222877 prime?
True
Is 703606 a composite number?
True
Is 1511 a prime number?
True
Is 22751 composite?
False
Is 331 composite?
False
Is 562403 a prime number?
True
Is 2854347 prime?
False
Is 521 prime?
True
Is 122441 a composite number?
True
Is 762041 a composite number?
True
Is 887 a prime number?
True
Is 1678 a composite number?
True
Is 50411 prime?
True
Is 3065077 prime?
True
Is 771553 prime?
True
Is 102397 prime?
True
Is 21647 a composite number?
False
Is 48943 prime?
False
Is 99805 a prime number?
False
Is 1625071 composite?
True
Is 1619 composite?
False
Is 98485 composite?
True
Is 18895 prime?
False
Is 8663 composite?
False
Is 24691 composite?
False
Is 165511 a prime number?
True
Is 43322 a composite number?
True
Is 6801 prime?
False
Is 18739 a prime number?
False
Is 35161 prime?
False
Is 161493 a prime number?
False
Is 266545 a prime number?
False
Is 223697 composite?
False
Is 3419 composite?
True
Is 37241 a composite number?
True
Is 1597 prime?
True
Is 38017 prime?
False
Is 8038 a prime number?
False
Is 11299 prime?
True
Is 2161 a composite number?
False
Is 2757 composite?
True
Is 237043 a composite number?
False
Is 1277 a prime number?
True
Is 4307 prime?
False
Is 1517 composite?
True
Is 206749 a composite number?
False
Is 2081 composite?
False
Is 8561 prime?
False
Is 8137 prime?
False
Is 571899 composite?
True
Is 10427 prime?
True
Is 31009 prime?
False
Is 8501 a composite number?
False
Is 141982 a composite number?
True
Is 534319 prime?
False
Is 24901 a composite number?
True
Is 459589 prime?
False
Is 39097 prime?
True
Is 5599 a composite number?
True
Is 12851 prime?
False
Is 41717 prime?
False
Is 74131 a prime number?
True
Is 123581 a prime number?
True
Is 1151 prime?
True
Is 103497 a composite number?
True
Is 2063 prime?
True
Is 4367749 a composite number?
False
Is 5749 prime?
True
Is 3719 a prime number?
True
Is 85 composite?
True
Is 37579 composite?
False
Is 2599 composite?
True
Is 1657207 prime?
True
Is 67951 a composite number?
True
Is 90349 composite?
True
Is 1259 prime?
True
Is 410765 prime?
False
Is 6835 composite?
True
Is 981569 composite?
False
Is 3413 prime?
True
Is 161327 prime?
False
Is 893137 a composite number?
True
Is 1613587 a composite number?
False
Is 54267 prime?
False
Is 967 a composite number?
False
Is 168115 a prime number?
False
Is 3825685 a prime number?
False
Is 18263 prime?
False
Is 6619 prime?
True
Is 369763 prime?
False
Is 2161 prime?
True
Is 469919 a composite number?
False
Is 109034 composite?
True
Is 2357 a prime number?
True
Is 113293 composite?
True
Is 50579 composite?
True
Is 5833 composite?
True
Is 4201 a prime number?
True
Is 81335 prime?
False
Is 46993 composite?
False
Is 38507 composite?
True
Is 274103 composite?
False
Is 94097 a prime number?
False
Is 409691 a composite number?
False
Is 1948137 composite?
True
Is 25837 a prime number?
False
Is 130927 composite?
False
Is 1366891 composite?
True
Is 124847 a composite number?
False
Is 150673 composite?
True
Is 182581 composite?
True
Is 3163 a prime number?
True
Is 7103 a composite number?
False
Is 8923 a prime number?
True
Is 62149 a prime number?
False
Is 93077 prime?
True
Is 32891 prime?
False
Is 70783 a composite number?
False
Is 21457 composite?
True
Is 409573 prime?
True
Is 179143 composite?
False
Is 45607 a composite number?
True
Is 17585 composite?
True
Is 9677 a prime number?
True
Is 11519 prime?
True
Is 351959 a prime number?
True
Is 6863 a prime number?
True
Is 64933 composite?
True
Is 1927 a composite number?
True
Is 104613 prime?
False
Is 1062497 composite?
False
Is 1278359 a composite number?
True
Is 59181 a composite number?
True
Is 249749 a composite number?
False
Is 10907 a prime number?
False
Is 3011 prime?
True
Is 16163 a prime number?
False
Is 13619 composite?
False
Is 5780147 a composite number?
False
Is 84499 composite?
False
Is 4391 composite?
False
Is 9029 composite?
False
Is 1977658 a prime number?
False
Is 1806427 prime?
False
Is 533 composite?
True
Is 1049 composite?
False
Is 191161 a prime number?
True
Is 261379 prime?
True
Is 129463 a prime number?
False
Is 343127 a composite number?
False
Is 12659 a prime number?
True
Is 93419 a composite number?
False
Is 49253 a prime number?
True
Is 9091 a prime number?
True
Is 32251 a prime number?
True
Is 4717 composite?
True
Is 276193 a composite number?
True
Is 77037 a prime number?
False
Is 3453583 a composite number?
True
Is 48629 composite?
True
Is 55479 composite?
True
Is 118739 prime?
True
Is 406903 a composite number?
True
Is 359063 prime?
True
Is 770131 prime?
False
Is 4741 a composite number?
True
Is 1036427 composite?
True
Is 2035807 a composite number?
False
Is 226027 a prime number?
True
Is 26807 a prime number?
False
Is 26921 prime?
True
Is 63577 prime?
True
Is 102497 prime?
True
Is 1086331 prime?
True
Is 99707 composite?
False
Is 2453 prime?
False
Is 18973 prime?
True
Is 1248917 prime?
True
Is 2723 a composite number?
True
Is 134601 prime?
False
Is 8328505 composite?
True
Is 9979 a prime number?
False
Is 15783 a composite number?
True
Is 113431 prime?
False
Is 108907 prime?
True
Is 10301 a composite number?
False
Is 8143 a composite number?
True
Is 9689 a composite number?
False
Is 125681 composite?
True
Is 104722 composite?
True
Is 180571 a prime number?
False
Is 4049 a composite number?
False
Is 129619 composite?
True
Is 4363049 a prime number?
True
Is 1931 a prime number?
True
Is 21961 composite?
False
Is 4489 prime?
False
Is 34631 composite?
False
Is 86767 composite?
False
Is 6502 composite?
True
Is 3181 composite?
False
Is 4327 composite?
False
Is 3831 composite?
True
Is 25157 composite?
True
Is 3019 a prime number?
True
Is 21881 prime?
True
Is 269369 composite?
True
Is 32297 a composite number?
False
Is 4151 composite?
True
Is 1799337 a prime number?
False
Is 3061 prime?
True
Is 2256431 a prime number?
True
Is 24499 a prime number?
True
Is 32317 a prime number?
False
Is 380879 composite?
False
Is 517414 composite?
True
Is 60493 composite?
False
Is 244157 prime?
True
Is 25103 a composite number?
True
Is 591441 composite?
True
Is 21467 composite?
False
Is 812341 composite?
False
Is 67597 a composite number?
True
Is 7453 a composite number?
True
Is 135101 a composite number?
False
Is 1637 a prime number?
True
Is 29527 a prime number?
True
Is 439333 a prime number?
False
Is 185021 a prime number?
True
Is 2611199 a prime number?
True
Is 40609 composite?
False
Is 1717127 prime?
False
Is 2267 prime?
True
Is 5449 a composite number?
False
Is 9859 composite?
False
Is 3761 a composite number?
False
Is 119129 a prime number?
True
Is 161165 a composite number?
True
Is 516613 composite?
True
Is 86057 composite?
True
Is 33531 prime?
False
Is 157 a prime number?
True
Is 13747 a composite number?
True
Is 26083 a composite number?
False
Is 786917 a composite number?
True
Is 34807 a composite number?
False
Is 211187 composite?
False
Is 1500457 prime?
False
Is 4125421 a prime number?
True
Is 6113 composite?
False
Is 96043 composite?
False
Is 34366 a composite number?
True
Is 28387 composite?
False
Is 657187 a prime number?
True
Is 15149 composite?
False
Is 2439461 a prime number?
True
Is 162209 a prime number?
True
Is 21961 a composite number?
False
Is 37141 a composite number?
True
Is 4971 prime?
False
Is 6934 prime?
False
Is 15557 prime?
False
Is 1259 a prime number?
True
Is 5557 composite?
False
Is 500567 composite?
False
Is 87578 a composite number?
True
Is 15927 prime?
False
Is 5